{"id":834,"date":"2021-09-24T17:04:32","date_gmt":"2021-09-24T15:04:32","guid":{"rendered":"http:\/\/www.lamarotte.fr\/?page_id=834"},"modified":"2021-10-22T14:01:53","modified_gmt":"2021-10-22T12:01:53","slug":"animations-pedagogiques-sur-la-musique-medievale","status":"publish","type":"page","link":"https:\/\/www.lamarotte.fr\/?page_id=834","title":{"rendered":"Animations p\u00e9dagogiques sur la Musique M\u00e9di\u00e9vale"},"content":{"rendered":"<p class=\"MsoNormal\">&nbsp;<\/p>\n<p _msthidden=\"1\" class=\"MsoNormal\"><span style=\"font-size: 1em\">\u00a0 \u00a0 \u00a0 \u00a0 \u00a0 \u00a0 \u00a0 \u00a0 \u00a0 \u00a0 \u00a0<img src=\"http:\/\/www.lamarotte.fr\/wp-content\/uploads\/2021\/09\/le-menestrel-des-hauts-de-france-animations-pedagogiques2.jpg\" alt=\"le-menestrel-des-hauts-de-france-animations-pedagogiques2.jpg\" \/><\/span><\/p>\n<p class=\"MsoNormal\"><span style=\"font-size: 16pt; line-height: 107%; font-family: 'Calibri Light', sans-serif\">Le M\u00e9nestrel Hauts de France vous propose de faire un voyage dans le temps afin de d\u00e9couvrir de mani\u00e8re ludique et p\u00e9dagogique la musique m\u00e9di\u00e9vale. Il s\u2019agit de mettre \u00e0 l\u2019honneur la musique ancienne en passant par le\u00a0 Moyen Age, r\u00e9put\u00e9 pour sa diversit\u00e9 et sa richesse instrumentale. En effet nombre d\u2019instruments ont pris naissance \u00e0 cette \u00e9poque dans diff\u00e9rentes r\u00e9gions et pays. Ma volont\u00e9 est de faire d\u00e9couvrir de mani\u00e8re ludique aux jeunes et \u201cmoins jeunes\u201d une musique simple d\u2019 acc\u00e8s et d\u2019\u00e9veiller en eux le musicien qui sommeille dans un esprit convivial et f\u00e9d\u00e9rateur, la p\u00e9dagogie n\u2019\u00e9tant-elle pas de transmettre avec passion un savoir une d\u00e9couverte? \u00c9ducateurs sp\u00e9cialis\u00e9s de formation et enseignants passionn\u00e9s, nous vous proposons des d\u00e9monstrations et explications\u00a0 historiques des divers instruments du Moyen Age et de la Renaissance (vielle \u00e0 roue, vielle \u00e0 archet, cornemuses, fl\u00fbtes, et sonnailles etc\u2026) Nous proposons une invitation et une initiation aux danses et tout autre projet r\u00e9pondant \u00e0 vos attentes.<\/span><\/p>\n<p class=\"MsoNormal\">Notre site:<\/p>\n<p class=\"MsoNormal\">\u00a0<a href=\"https:\/\/lemenestreldeshautsdefrance.fr\/\" style=\"font-size: 1em\">Animations m\u00e9di\u00e9vales p\u00e9dagogiques sur la musique M\u00e9di\u00e9valeLe M\u00e9nestrel Des Hauts de France animations p\u00e9dagogiques | La musique au Moyen-\u00e2ge (lemenestreldeshautsdefrance.fr)<\/a><\/p>\n<p class=\"MsoNormal\"><span style=\"font-family: 'Calibri Light', sans-serif\">\u00a0<\/span><\/p>\n","protected":false},"excerpt":{"rendered":"<p>&nbsp; \u00a0 \u00a0 \u00a0 \u00a0 \u00a0 \u00a0 \u00a0 \u00a0 \u00a0 \u00a0 \u00a0 Le M\u00e9nestrel Hauts de France vous propose de faire un voyage dans le temps afin de d\u00e9couvrir de mani\u00e8re ludique et p\u00e9dagogique la musique m\u00e9di\u00e9vale. Il s\u2019agit de mettre \u00e0 l\u2019honneur la musique ancienne en passant par le\u00a0 Moyen Age, r\u00e9put\u00e9 pour sa [&hellip;]<\/p>\n","protected":false},"author":2,"featured_media":0,"parent":0,"menu_order":56,"comment_status":"open","ping_status":"open","template":"","meta":[],"_links":{"self":[{"href":"https:\/\/www.lamarotte.fr\/index.php?rest_route=\/wp\/v2\/pages\/834"}],"collection":[{"href":"https:\/\/www.lamarotte.fr\/index.php?rest_route=\/wp\/v2\/pages"}],"about":[{"href":"https:\/\/www.lamarotte.fr\/index.php?rest_route=\/wp\/v2\/types\/page"}],"author":[{"embeddable":true,"href":"https:\/\/www.lamarotte.fr\/index.php?rest_route=\/wp\/v2\/users\/2"}],"replies":[{"embeddable":true,"href":"https:\/\/www.lamarotte.fr\/index.php?rest_route=%2Fwp%2Fv2%2Fcomments&post=834"}],"version-history":[{"count":0,"href":"https:\/\/www.lamarotte.fr\/index.php?rest_route=\/wp\/v2\/pages\/834\/revisions"}],"wp:attachment":[{"href":"https:\/\/www.lamarotte.fr\/index.php?rest_route=%2Fwp%2Fv2%2Fmedia&parent=834"}],"curies":[{"name":"wp","href":"https:\/\/api.w.org\/{rel}","templated":true}]}}