{"id":478,"date":"2009-03-19T13:54:21","date_gmt":"2009-03-19T11:54:21","guid":{"rendered":"http:\/\/www.lamarotte.fr\/?page_id=478"},"modified":"2013-11-16T14:17:02","modified_gmt":"2013-11-16T12:17:02","slug":"mariage-medieval-de-la-marotte","status":"publish","type":"page","link":"https:\/\/www.lamarotte.fr\/?page_id=478","title":{"rendered":"Mariage m\u00e9di\u00e9val."},"content":{"rendered":"<p align=\"center\"><img src=\"http:\/\/www.lamarotte.fr\/wp-content\/uploads\/2009\/04\/mariagemedieval2.jpg\" alt=\"mariagemedieval2.jpg\" \/><\/p>\n<p><meta http-equiv=\"Content-Type\" content=\"text\/html; charset=utf-8\" \/><meta name=\"ProgId\" content=\"Word.Document\" \/><meta name=\"Generator\" content=\"Microsoft Word 11\" \/><meta name=\"Originator\" content=\"Microsoft Word 11\" \/>\n<link href=\"file:\/\/\/C:%5CDOCUME%7E1%5CPROPRI%7E1%5CLOCALS%7E1%5CTemp%5Cmsohtml1%5C01%5Cclip_filelist.xml\" rel=\"File-List\" \/><!--[if gte mso 9]><xml>  <w:WordDocument>   <w:View>Normal<\/w:View>   <w:Zoom>0<\/w:Zoom>   <w:HyphenationZone>21<\/w:HyphenationZone>   <w:PunctuationKerning\/>   <w:ValidateAgainstSchemas\/>   <w:SaveIfXMLInvalid>false<\/w:SaveIfXMLInvalid>   <w:IgnoreMixedContent>false<\/w:IgnoreMixedContent>   <w:AlwaysShowPlaceholderText>false<\/w:AlwaysShowPlaceholderText>   <w:Compatibility>    <w:BreakWrappedTables\/>    <w:SnapToGridInCell\/>    <w:WrapTextWithPunct\/>    <w:UseAsianBreakRules\/>    <w:DontGrowAutofit\/>   <\/w:Compatibility>   <w:BrowserLevel>MicrosoftInternetExplorer4<\/w:BrowserLevel>  <\/w:WordDocument> <\/xml><![endif]--><!--[if gte mso 9]><xml>  <w:LatentStyles DefLockedState=\"false\" LatentStyleCount=\"156\">  <\/w:LatentStyles> <\/xml><![endif]--><\/p>\n<style> <!--  \/* Font Definitions *\/  @font-face \t{font-family:\"Old English Text MT\"; \tpanose-1:3 4 9 2 4 5 8 3 8 6; \tmso-font-charset:0; \tmso-generic-font-family:script; \tmso-font-pitch:variable; \tmso-font-signature:3 0 0 0 1 0;}  \/* Style Definitions *\/  p.MsoNormal, li.MsoNormal, div.MsoNormal \t{mso-style-parent:\"\"; \tmargin:0cm; \tmargin-bottom:.0001pt; \tmso-pagination:widow-orphan; \tfont-size:12.0pt; \tfont-family:\"Times New Roman\"; \tmso-fareast-font-family:\"Times New Roman\";} @page Section1 \t{size:612.0pt 792.0pt; \tmargin:70.85pt 70.85pt 70.85pt 70.85pt; \tmso-header-margin:36.0pt; \tmso-footer-margin:36.0pt; \tmso-paper-source:0;} div.Section1 \t{page:Section1;} --> <\/style>\n<p><!--[if gte mso 10]>\n\n\n\n<style>  \/* Style Definitions *\/  table.MsoNormalTable \t{mso-style-name:\"Tableau Normal\"; \tmso-tstyle-rowband-size:0; \tmso-tstyle-colband-size:0; \tmso-style-noshow:yes; \tmso-style-parent:\"\"; \tmso-padding-alt:0cm 5.4pt 0cm 5.4pt; \tmso-para-margin:0cm; \tmso-para-margin-bottom:.0001pt; \tmso-pagination:widow-orphan; \tfont-size:10.0pt; \tfont-family:\"Times New Roman\"; \tmso-ansi-language:#0400; \tmso-fareast-language:#0400; \tmso-bidi-language:#0400;} <\/style>\n\n <![endif]--><\/p>\n<p class=\"MsoNormal\" style=\"text-align: center\" align=\"center\"><span style=\"font-size: 16pt; font-family: 'Old English Text MT'; color: #ffcc00\">O<\/span><span style=\"font-size: 16pt; font-family: 'Old English Text MT'\">y\u00e9! Oy\u00e9!Nobles Seigneurs, Vilains, Damoiseaux gentes Dames,Gueux et jeunes Pucelles. Car le 25\u00e8me jour du mois d&#8217;Avril nous aurons l&#8217;honneur de c\u00e9l\u00e9brer le mariage de Dame cliquette, <\/span><span style=\"font-size: 16pt; font-family: 'Old English Text MT'\"><\/span><span style=\"font-size: 16pt; font-family: 'Old English Text MT'\">et de Sieur Griotte.<\/span><span style=\"font-size: 16pt; font-family: 'Old English Text MT'\">La <\/span><span style=\"font-size: 16pt; font-family: 'Old English Text MT'\">c\u00e9l\u00e9bration sera anim\u00e9e par la Conpagnie Joyeuse. Au programme des festivit\u00e9s il y aura Moults r\u00e9jouissances et festioements entour\u00e9s de victuailles et de bonnes ch\u00e8res. No\u00ebl! No\u00ebl! pour leurs \u00e9pousailles!<\/span><\/p>\n<p><meta http-equiv=\"Content-Type\" content=\"text\/html; charset=utf-8\" \/><meta name=\"ProgId\" content=\"Word.Document\" \/><meta name=\"Generator\" content=\"Microsoft Word 11\" \/><meta name=\"Originator\" content=\"Microsoft Word 11\" \/><\/p>\n<p align=\"center\">\n<link href=\"file:\/\/\/C:%5CDOCUME%7E1%5CPROPRI%7E1%5CLOCALS%7E1%5CTemp%5Cmsohtml1%5C01%5Cclip_filelist.xml\" rel=\"File-List\" \/><!--[if gte mso 9]><xml>  <w:WordDocument>   <w:View>Normal<\/w:View>   <w:Zoom>0<\/w:Zoom>   <w:HyphenationZone>21<\/w:HyphenationZone>   <w:PunctuationKerning\/>   <w:ValidateAgainstSchemas\/>   <w:SaveIfXMLInvalid>false<\/w:SaveIfXMLInvalid>   <w:IgnoreMixedContent>false<\/w:IgnoreMixedContent>   <w:AlwaysShowPlaceholderText>false<\/w:AlwaysShowPlaceholderText>   <w:Compatibility>    <w:BreakWrappedTables\/>    <w:SnapToGridInCell\/>    <w:WrapTextWithPunct\/>    <w:UseAsianBreakRules\/>    <w:DontGrowAutofit\/>   <\/w:Compatibility>   <w:BrowserLevel>MicrosoftInternetExplorer4<\/w:BrowserLevel>  <\/w:WordDocument> <\/xml><![endif]--><!--[if gte mso 9]><xml>  <w:LatentStyles DefLockedState=\"false\" LatentStyleCount=\"156\">  <\/w:LatentStyles> <\/xml><![endif]--><img loading=\"lazy\" src=\"http:\/\/www.lamarotte.fr\/wp-content\/uploads\/2009\/03\/mariagemedieval.jpg\" alt=\"mariagemedieval.jpg\" height=\"225\" width=\"253\" \/><\/p>\n<style> <!--  \/* Font Definitions *\/  @font-face \t{font-family:\"Old English Text MT\"; \tpanose-1:3 4 9 2 4 5 8 3 8 6; \tmso-font-charset:0; \tmso-generic-font-family:script; \tmso-font-pitch:variable; \tmso-font-signature:3 0 0 0 1 0;}  \/* Style Definitions *\/  p.MsoNormal, li.MsoNormal, div.MsoNormal \t{mso-style-parent:\"\"; \tmargin:0cm; \tmargin-bottom:.0001pt; \tmso-pagination:widow-orphan; \tfont-size:12.0pt; \tfont-family:\"Times New Roman\"; \tmso-fareast-font-family:\"Times New Roman\";} @page Section1 \t{size:595.3pt 841.9pt; \tmargin:70.85pt 70.85pt 70.85pt 70.85pt; \tmso-header-margin:35.4pt; \tmso-footer-margin:35.4pt; \tmso-paper-source:0;} div.Section1 \t{page:Section1;} --> <\/style>\n<p><!--[if gte mso 10]>\n\n\n\n<style>  \/* Style Definitions *\/  table.MsoNormalTable \t{mso-style-name:\"Tableau Normal\"; \tmso-tstyle-rowband-size:0; \tmso-tstyle-colband-size:0; \tmso-style-noshow:yes; \tmso-style-parent:\"\"; \tmso-padding-alt:0cm 5.4pt 0cm 5.4pt; \tmso-para-margin:0cm; \tmso-para-margin-bottom:.0001pt; \tmso-pagination:widow-orphan; \tfont-size:10.0pt; \tfont-family:\"Times New Roman\"; \tmso-ansi-language:#0400; \tmso-fareast-language:#0400; \tmso-bidi-language:#0400;} <\/style>\n\n <![endif]--><\/p>\n<p class=\"MsoNormal\" align=\"center\"><strong><span style=\"font-size: 18pt; font-family: 'Old English Text MT'\">Le Mariage M\u00e9di\u00e9val<\/span><\/strong><\/p>\n<p class=\"MsoNormal\" align=\"center\">&nbsp;<\/p>\n<p class=\"MsoNormal\" style=\"text-align: center\" align=\"left\">Le Mariage du haut Moyen \u00e2ge est moins un acte juridique qu&#8217;une r\u00e9alit\u00e9 sociale n\u00e9e de la volont\u00e9 des individus.Encore tr\u00e8s peu christianis\u00e9, il se d\u00e9roule par \u00e9tapes.Les familles s&#8217;entendent sur l&#8217;\u00e9change (constitution de la dot) avant le premier engagement, les fian\u00e7ailles, acte au cours duquel le futur \u00e9poux remet \u00e0 sa femme des objets symboliques, dont un anneau. Puis, au cours d&#8217;une c\u00e9r\u00e9monie durant laquelle le p\u00e8re remet sa fille au mari (la disponsatio), celle-ci passe de l&#8217;autorit\u00e9 (mund) de son p\u00e8re \u00e0 celle de son mari en \u00e9change d&#8217;une somme d&#8217;argent. La jeune femme est ensuite amen\u00e9e dans la maison du mari, lequel s&#8217;engage \u00e0 lui donner une dot, appel\u00e9e plus tard douaire. Enfin se d\u00e9roule les noces et le lendemain, le mari offre \u00e0 sa femme &#8220;le prix de la virginit\u00e9&#8221; ou don du matin (morgengabe): terre, v\u00eatements , animaux, etc..<\/p>\n<p class=\"MsoNormal\" style=\"text-align: center\" align=\"left\">&nbsp;<\/p>\n<p class=\"MsoNormal\" style=\"text-align: center\" align=\"left\">A partir de la fin du XI si\u00e8cle, une nouvelle forme d&#8217;alliance appara\u00eet: le mariage dit gr\u00e9gorien, qui s&#8217;impose progressivement dans tout l&#8217;Occident, il repose sur quatre principes fondamentaux. C&#8217;est d&#8217;abord un mariage unique et monogamique: concubinage et divorce sont interdits. C&#8217;est aussi un mariage indissoluble, s&#8217;appuyant sur l&#8217;\u00e9vangile selon saint Mathieu (XIX,3-9): &#8221; Que l&#8217;homme ne s\u00e9pare donc pas ce que Dieu a uni!&#8221;.C&#8217;est ensuite un mariage qui repose sur le consentement mutuel des \u00e9poux, moyen pour l&#8217;\u00e9glise, \u00e0 la fois de valoriser l&#8217;aspect spirituel du rite au d\u00e9triment de l&#8217;aspect sexuel (la consommation) et de s&#8217;opposer aux strat\u00e9gies matrmoniales des familles pour lesquelles, en g\u00e9n\u00e9ral, le mariage est une affaire de raison et un moyen de renforcer les alliances. Enfin, c&#8217;est un mariage exogamique, c&#8217;est \u00e0 dire interdisant d&#8217;\u00e9pouser un parent en de\u00e7a du septi\u00e9me degr\u00e9 (puis du quatri\u00e9me degr\u00e9, apr\u00e9s le concile de Latran IV en 1215).<\/p>\n<p class=\"MsoNormal\" style=\"text-align: center\" align=\"left\">&nbsp;<\/p>\n<p class=\"MsoNormal\" style=\"text-align: center\" align=\"left\">Le mariage gr\u00e9gorien devient une norme en Occident et, comme toutes les normes, il est souvent transgress\u00e9 ou d\u00e9natur\u00e9: le bat\u00e2rd, issu d&#8217;une relation adult\u00e9rine, est parfois l\u00e9gitim\u00e9 par le p\u00e8re; les dispenses des grands pour se s\u00e9parer de leur femme sont attest\u00e9es et les r\u00e9pudiations d&#8217;\u00e9pouses sont nombreuses; les conjoints, surtout dans les famillse ais\u00e9es (aristocratiques et bourgeoise) o\u00f9 la transmissions du patrimoine est le jeu des alliances, se voient imposer leur mariage pour sevir les int\u00e9r\u00eat du lignage; Enfin, pour une majorit\u00e9 d&#8217;hommes et de femmes qui vit dans un &#8220;pays de connaissance&#8221; (d&#8217;un rayon de trente kilom\u00e9tres environ), la limitation religieuse des alliances en fonction des degr\u00e9s de parent\u00e9 semble bien difficile \u00e0 respecter, m\u00eame si les pr\u00eatres ont alors pour mission l&#8217;enseignement du calcul de la parent\u00e9.<\/p>\n<p class=\"MsoNormal\" style=\"text-align: center\" align=\"left\">&nbsp;<\/p>\n<p class=\"MsoNormal\" style=\"text-align: center\" align=\"left\">Texte tir\u00e9 de Encarta:<\/p>\n<p class=\"MsoNormal\" style=\"text-align: center\" align=\"left\">&nbsp;<\/p>\n<p class=\"MsoNormal\" style=\"text-align: center\" align=\"left\">&nbsp;<\/p>\n<p class=\"MsoNormal\" style=\"text-align: center\" align=\"left\"><meta http-equiv=\"Content-Type\" content=\"text\/html; charset=utf-8\" \/><meta name=\"ProgId\" content=\"Word.Document\" \/><meta name=\"Generator\" content=\"Microsoft Word 11\" \/><meta name=\"Originator\" content=\"Microsoft Word 11\" \/><\/p>\n<link href=\"file:\/\/\/C:%5CDOCUME%7E1%5CPROPRI%7E1%5CLOCALS%7E1%5CTemp%5Cmsohtml1%5C01%5Cclip_filelist.xml\" rel=\"File-List\" \/><!--[if gte mso 9]><xml>  <w:WordDocument>   <w:View>Normal<\/w:View>   <w:Zoom>0<\/w:Zoom>   <w:HyphenationZone>21<\/w:HyphenationZone>   <w:PunctuationKerning\/>   <w:ValidateAgainstSchemas\/>   <w:SaveIfXMLInvalid>false<\/w:SaveIfXMLInvalid>   <w:IgnoreMixedContent>false<\/w:IgnoreMixedContent>   <w:AlwaysShowPlaceholderText>false<\/w:AlwaysShowPlaceholderText>   <w:Compatibility>    <w:BreakWrappedTables\/>    <w:SnapToGridInCell\/>    <w:WrapTextWithPunct\/>    <w:UseAsianBreakRules\/>    <w:DontGrowAutofit\/>   <\/w:Compatibility>   <w:BrowserLevel>MicrosoftInternetExplorer4<\/w:BrowserLevel>  <\/w:WordDocument> <\/xml><![endif]--><!--[if gte mso 9]><xml>  <w:LatentStyles DefLockedState=\"false\" LatentStyleCount=\"156\">  <\/w:LatentStyles> <\/xml><![endif]--><br \/>\n<style> <!--  \/* Font Definitions *\/  @font-face \t{font-family:\"Old English Text MT\"; \tpanose-1:3 4 9 2 4 5 8 3 8 6; \tmso-font-charset:0; \tmso-generic-font-family:script; \tmso-font-pitch:variable; \tmso-font-signature:3 0 0 0 1 0;}  \/* Style Definitions *\/  p.MsoNormal, li.MsoNormal, div.MsoNormal \t{mso-style-parent:\"\"; \tmargin:0cm; \tmargin-bottom:.0001pt; \tmso-pagination:widow-orphan; \tfont-size:12.0pt; \tfont-family:\"Times New Roman\"; \tmso-fareast-font-family:\"Times New Roman\";} @page Section1 \t{size:595.3pt 841.9pt; \tmargin:70.85pt 70.85pt 70.85pt 70.85pt; \tmso-header-margin:35.4pt; \tmso-footer-margin:35.4pt; \tmso-paper-source:0;} div.Section1 \t{page:Section1;} --> <\/style>\n<p><!--[if gte mso 10]>\n\n\n\n<style>  \/* Style Definitions *\/  table.MsoNormalTable \t{mso-style-name:\"Tableau Normal\"; \tmso-tstyle-rowband-size:0; \tmso-tstyle-colband-size:0; \tmso-style-noshow:yes; \tmso-style-parent:\"\"; \tmso-padding-alt:0cm 5.4pt 0cm 5.4pt; \tmso-para-margin:0cm; \tmso-para-margin-bottom:.0001pt; \tmso-pagination:widow-orphan; \tfont-size:10.0pt; \tfont-family:\"Times New Roman\"; \tmso-ansi-language:#0400; \tmso-fareast-language:#0400; \tmso-bidi-language:#0400;} <\/style>\n\n <![endif]--><\/p>\n<p class=\"MsoNormal\"><strong><span style=\"font-size: 18pt; font-family: 'Old English Text MT'\">Le Charivari<o:p><\/o:p><\/span><\/strong><\/p>\n<p class=\"MsoNormal\"><span style=\"font-size: 14pt; font-family: 'Comic Sans MS'\">Dans les charivaris, les jeunes d\u00e9noncent ou se moquent de ceux qui ne sont pas encore mari\u00e9s, des adult\u00e8res, des remariages, des cocus ou de ceux qui ont jou\u00e9 leurs femmes aux d\u00e9s. Parfois, ceux-ci sont men\u00e9s \u00e0 travers le village ou la ville \u00e0 dos d&#8217;\u00e2ne. Il n&#8217;est pas rare non plus que la f\u00eate devienne agressive et qu&#8217;on y r\u00e8gle des comptes.C\u2019est un rituel collectif occidental, tr\u00e8s similaire au carnaval. Il s&#8217;en distingue toutefois en ce qu&#8217;il n&#8217;est pas li\u00e9 au calendrier. Il s&#8217;agit d&#8217;un cort\u00e8ge dans lequel de nombreux musiciens et passants font du bruit avec toutes sortes d&#8217;objets, g\u00e9n\u00e9ralement d\u00e9tourn\u00e9s de leur usage traditionnel (ustensiles de cuisine). Cette &#8220;contre-musique&#8221; fait pendant aux musiques religieuses, \u00e0 l&#8217;harmonie. C&#8217;est une parodie. Le terme d\u00e9signe aussi bien le d\u00e9fil\u00e9 en lui-m\u00eame qu&#8217;un bruit discordant g\u00e9n\u00e9r\u00e9 par de nombreuses personnes, du tapage ou encore du bruit accompagn\u00e9 de d\u00e9sordre. Dans ce dernier cas on parle aussi de <em>chahut<\/em>. Le rituel est attest\u00e9 d\u00e8s le XIVeme si\u00e8cle . Il se tient \u00e0 l&#8217;occasion d&#8217;un mariage jug\u00e9 mal assorti (c&#8217;est notamment le cas des charivaris organis\u00e9s lors du mariage d&#8217;un homme \u00e2g\u00e9 avec une jeune femme) ou d&#8217;un remariage. <\/span><em><span style=\"font-family: 'Comic Sans MS'\">Exemple de charivari, <span>Le Roman de Fauvel<\/span> de Gervais du Bus et Raoul Chaillou de Pesstain met en sc\u00e8ne l&#8217;\u00e2ne Fauvel, personnification de tous les vices dont les initiales forment le nom : Flatterie, Avarice, Vilenie (infamie), Vari\u00e9t\u00e9 (inconstance), Envie, L\u00e2chet\u00e9.<\/span><\/em><span style=\"font-size: 14pt\"><o:p><br \/>\n<\/o:p><\/span><\/p>\n<p class=\"MsoNormal\" style=\"text-align: center\" align=\"left\">&nbsp;<\/p>\n<p class=\"MsoNormal\" style=\"text-align: center\" align=\"left\"><a href=\"http:\/\/www.lamarotte.fr\/\" id=\"file-link-262\" title=\"eveque-des-fous-xvg.jpg\"><img loading=\"lazy\" src=\"http:\/\/www.lamarotte.fr\/wp-content\/uploads\/2007\/10\/eveque-des-fous-xvg.jpg\" title=\"eveque-des-fous-xvg.jpg\" alt=\"eveque-des-fous-xvg.jpg\" height=\"159\" width=\"163\" \/><\/a><a href=\"http:\/\/www.lamarotte.fr\/\" id=\"file-link-261\" title=\"eveque-des-fous-2xv2.jpg\"><img loading=\"lazy\" src=\"http:\/\/www.lamarotte.fr\/wp-content\/uploads\/2007\/10\/eveque-des-fous-2xv2.jpg\" title=\"eveque-des-fous-2xv2.jpg\" alt=\"eveque-des-fous-2xv2.jpg\" height=\"160\" width=\"163\" \/><\/a><\/p>\n","protected":false},"excerpt":{"rendered":"<p>Oy\u00e9! Oy\u00e9!Nobles Seigneurs, Vilains, Damoiseaux gentes Dames,Gueux et jeunes Pucelles. Car le 25\u00e8me jour du mois d&#8217;Avril nous aurons l&#8217;honneur de c\u00e9l\u00e9brer le mariage de Dame cliquette, et de Sieur Griotte.La c\u00e9l\u00e9bration sera anim\u00e9e par la Conpagnie Joyeuse. Au programme des festivit\u00e9s il y aura Moults r\u00e9jouissances et festioements entour\u00e9s de victuailles et de bonnes [&hellip;]<\/p>\n","protected":false},"author":2,"featured_media":0,"parent":0,"menu_order":28,"comment_status":"open","ping_status":"open","template":"","meta":[],"_links":{"self":[{"href":"https:\/\/www.lamarotte.fr\/index.php?rest_route=\/wp\/v2\/pages\/478"}],"collection":[{"href":"https:\/\/www.lamarotte.fr\/index.php?rest_route=\/wp\/v2\/pages"}],"about":[{"href":"https:\/\/www.lamarotte.fr\/index.php?rest_route=\/wp\/v2\/types\/page"}],"author":[{"embeddable":true,"href":"https:\/\/www.lamarotte.fr\/index.php?rest_route=\/wp\/v2\/users\/2"}],"replies":[{"embeddable":true,"href":"https:\/\/www.lamarotte.fr\/index.php?rest_route=%2Fwp%2Fv2%2Fcomments&post=478"}],"version-history":[{"count":0,"href":"https:\/\/www.lamarotte.fr\/index.php?rest_route=\/wp\/v2\/pages\/478\/revisions"}],"wp:attachment":[{"href":"https:\/\/www.lamarotte.fr\/index.php?rest_route=%2Fwp%2Fv2%2Fmedia&parent=478"}],"curies":[{"name":"wp","href":"https:\/\/api.w.org\/{rel}","templated":true}]}}