{"id":229,"date":"2007-10-08T18:26:55","date_gmt":"2007-10-08T16:26:55","guid":{"rendered":"http:\/\/www.lamarotte.fr\/?page_id=229"},"modified":"2015-10-20T18:50:37","modified_gmt":"2015-10-20T16:50:37","slug":"la-marotte","status":"publish","type":"page","link":"https:\/\/www.lamarotte.fr\/?page_id=229","title":{"rendered":"La Marotte"},"content":{"rendered":"<p align=\"center\">Pour d\u00e9couvrir les animations m\u00e9di\u00e9vales de La Marotte<\/p>\n<p id=\"upload-file-view\" class=\"alignleft\"><a href=\"http:\/\/www.lamarotte.fr\" title=\"Direct link to file\"><\/p>\n<p style=\"text-align: center\"><img loading=\"lazy\" src=\"http:\/\/www.lamarotte.fr\/wp-content\/uploads\/2014\/12\/retouralacceuil.jpg\" alt=\"retouralacceuil.jpg\" height=\"27\" width=\"143\" \/><\/p>\n<p><\/a><\/p>\n<p align=\"center\">&nbsp;<\/p>\n<p align=\"center\">A chacun sa Marotte!<\/p>\n<p align=\"center\"><a href=\"http:\/\/www.lamarotte.fr\/?page_id=199\" title=\"la-marotte-du-bouffon.jpg\"><img loading=\"lazy\" src=\"http:\/\/www.lamarotte.fr\/wp-content\/uploads\/2007\/10\/la-marotte-du-bouffon.jpg\" alt=\"la-marotte-du-bouffon.jpg\" height=\"552\" width=\"417\" \/><\/a><\/p>\n<table height=\"134\" width=\"644\">\n<tr>\n<td><\/td>\n<\/tr>\n<tr>\n<td style=\"padding: 0pt 4px; text-align: center\"><a href=\"http:\/\/www.odys-solutions.net\/gallery2\/main.php?g2_itemId=2094\">  <\/a><\/td>\n<td>\n<p class=\"one-comment gcBorder2\">&nbsp;<\/p>\n<h3> Histoire de la Marotte.<span class=\"edit\">  <\/span><span class=\"delete\"><\/span><\/h3>\n<p class=\"comment\">Pendant longtemps, les rois et les ducs faisaient venir \u00e0 la cour des hommes au physique &#8220;original&#8221; pour les amuser en r\u00e9alisant des acrobaties ou en jouant avec les mots. Ces &#8220;fous&#8221; et ces &#8220;bouffons&#8221; \u00e9taient d\u00e9guis\u00e9s avec des habits multicolores et des grelots qui leur donnaient un air ridicule mais amusant pour la cour. Pour qu&#8217;on les reconnaisse facilement, ils avaient \u00e9galement toujours \u00e0 la main une &#8220;marotte&#8221;, sorte de b\u00e2ton en haut duquel \u00e9tait plac\u00e9e une petite figure en forme de marionnette et portant un bonnet multicolore. Les fous se s\u00e9paraient rarement de ces marottes, qui leur donnaient une certaine autorit\u00e9. En effet, sous couvert de dr\u00f4lerie, ils pouvaient se permettre les pires abus sans que cela ne choque personne. De nos jours, l&#8217;expression &#8220;avoir une marotte&#8221; signifie que l&#8217;on fait preuve d&#8217;une passion d\u00e9mesur\u00e9e pour quelqu&#8217;un ou quelque chose.<\/p>\n<p align=\"center\"><a href=\"http:\/\/www.lamarotte.fr\/?page_id=382\" id=\"file-link-73\" title=\"fol2.jpg\"> \t\t\t <img loading=\"lazy\" src=\"http:\/\/www.lamarotte.fr\/wp-content\/uploads\/2007\/10\/fold.jpg\" title=\"fol2.jpg\" alt=\"fol2.jpg\" height=\"136\" width=\"86\" \/><\/a>  <a href=\"http:\/\/www.lamarotte.fr\/?page_id=575\" id=\"file-link-74\" title=\"fol4.jpg\"> \t\t\t<img loading=\"lazy\" src=\"http:\/\/www.lamarotte.fr\/wp-content\/uploads\/2007\/10\/sans-titred-1.jpg\" title=\"fol4.jpg\" alt=\"fol4.jpg\" height=\"140\" width=\"89\" \/><\/a><\/p>\n<\/td>\n<\/tr>\n<\/table>\n","protected":false},"excerpt":{"rendered":"<p>Pour d\u00e9couvrir les animations m\u00e9di\u00e9vales de La Marotte &nbsp; A chacun sa Marotte! &nbsp; Histoire de la Marotte. Pendant longtemps, les rois et les ducs faisaient venir \u00e0 la cour des hommes au physique &#8220;original&#8221; pour les amuser en r\u00e9alisant des acrobaties ou en jouant avec les mots. Ces &#8220;fous&#8221; et ces &#8220;bouffons&#8221; \u00e9taient d\u00e9guis\u00e9s [&hellip;]<\/p>\n","protected":false},"author":2,"featured_media":0,"parent":0,"menu_order":20,"comment_status":"closed","ping_status":"closed","template":"","meta":[],"_links":{"self":[{"href":"https:\/\/www.lamarotte.fr\/index.php?rest_route=\/wp\/v2\/pages\/229"}],"collection":[{"href":"https:\/\/www.lamarotte.fr\/index.php?rest_route=\/wp\/v2\/pages"}],"about":[{"href":"https:\/\/www.lamarotte.fr\/index.php?rest_route=\/wp\/v2\/types\/page"}],"author":[{"embeddable":true,"href":"https:\/\/www.lamarotte.fr\/index.php?rest_route=\/wp\/v2\/users\/2"}],"replies":[{"embeddable":true,"href":"https:\/\/www.lamarotte.fr\/index.php?rest_route=%2Fwp%2Fv2%2Fcomments&post=229"}],"version-history":[{"count":0,"href":"https:\/\/www.lamarotte.fr\/index.php?rest_route=\/wp\/v2\/pages\/229\/revisions"}],"wp:attachment":[{"href":"https:\/\/www.lamarotte.fr\/index.php?rest_route=%2Fwp%2Fv2%2Fmedia&parent=229"}],"curies":[{"name":"wp","href":"https:\/\/api.w.org\/{rel}","templated":true}]}}